{"id":11,"date":"2025-01-16T23:34:45","date_gmt":"2025-01-16T22:34:45","guid":{"rendered":"https:\/\/royalkids.fr\/velizy2\/contact\/"},"modified":"2025-01-16T23:34:45","modified_gmt":"2025-01-16T22:34:45","slug":"contact","status":"publish","type":"page","link":"https:\/\/royalkids.fr\/velizy2\/contact\/","title":{"rendered":"Contact"},"content":{"rendered":"\n<section class=\"contact-section bgp\">\n    <div class=\"container\">\n        <div class=\"content-title\">\n            <h2>Nous <span style=\"color:var(--prime-color);\">Contacter<\/span><\/h2>\n        <\/div>\n        <div class=\"col-lg-6 mx-auto mb-4\">\n            <p>Vous avez une question, vous souhaitez des informations, n\u2019h\u00e9sitez pas \u00e0 nous\n                contacter, merci de compl\u00e9ter le formulaire de contact en choisissant\n                l\u2019objet de votre demande.<\/p>\n        <\/div>\n        <div class=\"row justify-content-center contact-content\">\n            <div class=\"col-md-2 position-relative\">\n                <img decoding=\"async\" class=\"abs-img contact-img\" src=\"https:\/\/royalkids.fr\/velizy2\/wp-content\/plugins\/oe-parks\/\/assets\/images\/leon-2.webp\"\n                    alt=\"Royal Kids\" loading=\"lazy\">\n            <\/div>\n            <div class=\"col-md-7\">\n                <div class=\"contact-form-container\">\n                    <p>\n                        Formulaire \u00e0 destination de Royal Kids <b class=\"color-rm\">Velizy2<\/b> -\n                                                <a href=\"#\" class=\"choose-contact-park color-rm\">Changer de parc<\/a>\n                        <!--<select class=\"park_id_select\" name=\"park_id\" class=\"\">\n                                <option value=\"\" disabled selected>Choisir un parc<\/option>\n                                                                                                            <option value=\"10\">\n                                            Ales                                        <\/option>\n                                                                            <option value=\"43\">\n                                            Arles                                        <\/option>\n                                                                            <option value=\"12\">\n                                            Baillargues                                        <\/option>\n                                                                            <option value=\"13\">\n                                            Beauchamp                                        <\/option>\n                                                                            <option value=\"14\">\n                                            Bezons                                        <\/option>\n                                                                            <option value=\"15\">\n                                            Bonneuil                                        <\/option>\n                                                                            <option value=\"16\">\n                                            Brignoles                                        <\/option>\n                                                                            <option value=\"17\">\n                                            Buchelay                                        <\/option>\n                                                                            <option value=\"18\">\n                                            Chambly                                        <\/option>\n                                                                            <option value=\"19\">\n                                            Chassieu                                        <\/option>\n                                                                            <option value=\"20\">\n                                            Elancourt                                        <\/option>\n                                                                            <option value=\"53\">\n                                            Epone                                        <\/option>\n                                                                            <option value=\"21\">\n                                            Eragny                                        <\/option>\n                                                                            <option value=\"51\">\n                                            Grasse                                        <\/option>\n                                                                            <option value=\"22\">\n                                            Istres                                        <\/option>\n                                                                            <option value=\"23\">\n                                            Ivry                                        <\/option>\n                                                                            <option value=\"24\">\n                                            La Rochelle                                        <\/option>\n                                                                            <option value=\"25\">\n                                            Lagny                                        <\/option>\n                                                                            <option value=\"42\">\n                                            Marseille                                        <\/option>\n                                                                            <option value=\"27\">\n                                            Maurepas                                        <\/option>\n                                                                            <option value=\"29\">\n                                            Montreuil                                        <\/option>\n                                                                            <option value=\"30\">\n                                            Mulhouse                                        <\/option>\n                                                                            <option value=\"31\">\n                                            Narbonne                                        <\/option>\n                                                                            <option value=\"32\">\n                                            Paris nord 2                                        <\/option>\n                                                                            <option value=\"33\">\n                                            Pessac                                        <\/option>\n                                                                            <option value=\"54\">\n                                            Plan de Campagne                                        <\/option>\n                                                                            <option value=\"34\">\n                                            Pollestres                                        <\/option>\n                                                                            <option value=\"35\">\n                                            Reims                                        <\/option>\n                                                                            <option value=\"45\">\n                                            Roissy-en-Brie                                        <\/option>\n                                                                            <option value=\"36\">\n                                            Saint Brice                                        <\/option>\n                                                                            <option value=\"38\">\n                                            Saint Maximin                                        <\/option>\n                                                                            <option value=\"39\">\n                                            Sainte Luce                                        <\/option>\n                                                                            <option value=\"40\">\n                                            Savigny                                        <\/option>\n                                                                            <option value=\"44\">\n                                            Vedene                                        <\/option>\n                                                                            <option value=\"41\">\n                                            Velizy2                                        <\/option>\n                                                                                                <\/select>\n                        --->\n                    <\/p>\n                                        <form id=\"contact-form\" class=\"contact-form\" method=\"POST\" action=\"\" enctype=\"multipart\/form-data\">\n                        <input type=\"hidden\" id=\"_wpnonce\" name=\"_wpnonce\" value=\"942eebb722\" \/><input type=\"hidden\" name=\"_wp_http_referer\" value=\"\/velizy2\/wp-json\/wp\/v2\/pages\/11\" \/>                        <input type=\"hidden\" id=\"form_id\" name=\"form_id\" value=\"contact_form_v\">\n                        <input type=\"hidden\" id=\"selected-park-id\" name=\"selected_park_id\"\n                            value=\"0\">\n                        <div class=\"mb-3 input-icon\">\n                            <i class=\"fas fa-comment\"><\/i>\n                            <select id=\"subject-select\" class=\"form-select\" name=\"subject\" required>\n                                <option value=\"\" disabled selected hidden>Objet de votre message*<\/option>\n                                <option value=\"parc-info\" >Je souhaite des informations sur le parc<\/option><option value=\"groupes-scolaires\" >Je souhaite connaitre les disponibilit\u00e9s Groupes Scolaires et Association<\/option><option value=\"candidature\" >D\u00e9poser une candidature<\/option><option value=\"partenariat-local\" >Demande de partenariat local<\/option><option value=\"billetterie-nationale\" >Je suis int\u00e9ress\u00e9 par la billetterie pour mon CE<\/option><option value=\"autre\" >Autres<\/option>                            <\/select>\n                        <\/div>\n                        <div class=\"row cont-inputs-wrap\">\n                            <div class=\"col-md-6 mb-3 input-icon\"><i class=\"fas fa-user\"><\/i><input type=\"text\" name=\"last_name\" class=\"form-control\" placeholder=\"Votre nom*\" value=\"\" required><\/div><div class=\"col-md-6 mb-3 input-icon\"><i class=\"fas fa-user\"><\/i><input type=\"text\" name=\"first_name\" class=\"form-control\" placeholder=\"Votre pr\u00e9nom\" value=\"\"><\/div><div class=\"col-md-6 mb-3 input-icon\"><i class=\"fas fa-envelope\"><\/i><input name=\"email_address\" type=\"email\" class=\"form-control\" placeholder=\"Votre adresse mail*\" value=\"\" required><\/div><div class=\"col-md-6 mb-3 input-icon\"><i class=\"fas fa-phone\"><\/i><input name=\"phone_number\" type=\"tel\" inputmode=\"tel\" pattern=\"[0-9+]*\" class=\"form-control\" placeholder=\"Votre t\u00e9l\u00e9phone\" value=\"\" oninput=\"this.value=this.value.replace(\/[^0-9+]\/g,'');\" ><\/div>                        <\/div>\n                        <div class=\"mb-3 input-icon\">\n                            <i class=\"fa-solid fa-pen-nib\"><\/i>\n                            <textarea class=\"form-control\" name=\"message\" rows=\"8\" placeholder=\"Message*\"\n                                required><\/textarea>\n                            <div class=\"text-end\"><small>*champs obligatoires<\/small><\/div>\n                        <\/div>\n                        <div class=\"mb-3 form-check\">\n                            <input type=\"checkbox\" class=\"form-check-input\" id=\"copy\" name=\"copy\"\n                                >\n                            <label class=\"form-check-label\" for=\"copy\">M'envoyer une copie de ce message<\/label>\n                        <\/div>\n                        <div class=\"mb-3 form-check\">\n                            <input type=\"checkbox\" class=\"form-check-input\" id=\"terms\" name=\"terms\" checked required>\n                            <label class=\"form-check-label\" for=\"terms\">En cochant cette case, je reconnais avoir pris\n                                connaissance de la <a href=\"https:\/\/royalkids.fr\/velizy2\/vos-donnees-personnelles\" target=\"_blank\">politique de confidentialit\u00e9<\/a> de ce site et\n                                l'accepter*<\/label>\n                        <\/div>\n                        <div class=\"choised-park text-center\"> Ce message sera envoy\u00e9 au parc Royal Kids\n                            <b class=\"color-rm\">Velizy2<\/b> -\n                                                        <a href=\"#\" class=\"choose-contact-park color-rm\">Changer de parc<\/a>\n                                                    <\/div>\n    \t\t\t<div class=\"g-recaptcha-info\"> <p>Ce site est prot\u00e9g\u00e9 par reCAPTCHA, et la politique de confidentialit\u00e9 de Google\n                            <a href=\"https:\/\/policies.google.com\/privacy\" target=\"_blank\">Privacy Policy<\/a>\n                            et les <a href=\"https:\/\/policies.google.com\/terms\" target=\"_blank\">Conditions d'utilisation<\/a> s'appliquent.<\/p><\/div>\n                        <button type=\"submit\" class=\"btn g-recaptcha\" data-sitekey=\"6Ld7x9IqAAAAABpUpgAydIcix_ei9G8lPok4kIeA\" data-callback='onSubmit' data-action='submit'><i class=\"fas fa-paper-plane\"><\/i> Envoyer<\/button>\n                    <\/form>\n                <\/div>\n            <\/div>\n            <div class=\"col-md-2\">\n            <\/div>\n\n        <\/div>\n\n    <\/div>\n<\/section>\n<div id=\"contact_parks_modal\" class=\"modal-1\" style=\"display:none;\">\n    <div class=\"contact-modal-content\">\n        <span id=\"contact_close\" class=\"contact_close\"><img loading=\"lazy\" decoding=\"async\" width=\"34\" height=\"34\"\n                src=\"https:\/\/royalkids.fr\/velizy2\/wp-content\/plugins\/oe-parks\/\/assets\/images\/close.png\" alt=\"Royal Kids\"><\/span>\n        <h4 class=\"mb-4\">Choisir un parc<\/h4>\n        <ul id=\"contact-park-list\">\n                                    <li data-park-id=\"10\">\n                Ales            <\/li>\n                        <li data-park-id=\"43\">\n                Arles            <\/li>\n                        <li data-park-id=\"12\">\n                Baillargues            <\/li>\n                        <li data-park-id=\"13\">\n                Beauchamp            <\/li>\n                        <li data-park-id=\"14\">\n                Bezons            <\/li>\n                        <li data-park-id=\"15\">\n                Bonneuil            <\/li>\n                        <li data-park-id=\"16\">\n                Brignoles            <\/li>\n                        <li data-park-id=\"17\">\n                Buchelay            <\/li>\n                        <li data-park-id=\"18\">\n                Chambly            <\/li>\n                        <li data-park-id=\"19\">\n                Chassieu            <\/li>\n                        <li data-park-id=\"20\">\n                Elancourt            <\/li>\n                        <li data-park-id=\"53\">\n                Epone            <\/li>\n                        <li data-park-id=\"21\">\n                Eragny            <\/li>\n                        <li data-park-id=\"51\">\n                Grasse            <\/li>\n                        <li data-park-id=\"22\">\n                Istres            <\/li>\n                        <li data-park-id=\"23\">\n                Ivry            <\/li>\n                        <li data-park-id=\"24\">\n                La Rochelle            <\/li>\n                        <li data-park-id=\"25\">\n                Lagny            <\/li>\n                        <li data-park-id=\"42\">\n                Marseille            <\/li>\n                        <li data-park-id=\"27\">\n                Maurepas            <\/li>\n                        <li data-park-id=\"29\">\n                Montreuil            <\/li>\n                        <li data-park-id=\"30\">\n                Mulhouse            <\/li>\n                        <li data-park-id=\"31\">\n                Narbonne            <\/li>\n                        <li data-park-id=\"32\">\n                Paris nord 2            <\/li>\n                        <li data-park-id=\"33\">\n                Pessac            <\/li>\n                        <li data-park-id=\"54\">\n                Plan de Campagne            <\/li>\n                        <li data-park-id=\"34\">\n                Pollestres            <\/li>\n                        <li data-park-id=\"35\">\n                Reims            <\/li>\n                        <li data-park-id=\"45\">\n                Roissy-en-Brie            <\/li>\n                        <li data-park-id=\"36\">\n                Saint Brice            <\/li>\n                        <li data-park-id=\"38\">\n                Saint Maximin            <\/li>\n                        <li data-park-id=\"39\">\n                Sainte Luce            <\/li>\n                        <li data-park-id=\"40\">\n                Savigny            <\/li>\n                        <li data-park-id=\"44\">\n                Vedene            <\/li>\n                        <li data-park-id=\"41\">\n                Velizy2            <\/li>\n            \n                    <\/ul>\n    <\/div>\n<\/div>\n","protected":false},"excerpt":{"rendered":"","protected":false},"author":1,"featured_media":0,"parent":0,"menu_order":0,"comment_status":"closed","ping_status":"closed","template":"","meta":{"footnotes":""},"_links":{"self":[{"href":"https:\/\/royalkids.fr\/velizy2\/wp-json\/wp\/v2\/pages\/11"}],"collection":[{"href":"https:\/\/royalkids.fr\/velizy2\/wp-json\/wp\/v2\/pages"}],"about":[{"href":"https:\/\/royalkids.fr\/velizy2\/wp-json\/wp\/v2\/types\/page"}],"author":[{"embeddable":true,"href":"https:\/\/royalkids.fr\/velizy2\/wp-json\/wp\/v2\/users\/1"}],"replies":[{"embeddable":true,"href":"https:\/\/royalkids.fr\/velizy2\/wp-json\/wp\/v2\/comments?post=11"}],"version-history":[{"count":0,"href":"https:\/\/royalkids.fr\/velizy2\/wp-json\/wp\/v2\/pages\/11\/revisions"}],"wp:attachment":[{"href":"https:\/\/royalkids.fr\/velizy2\/wp-json\/wp\/v2\/media?parent=11"}],"curies":[{"name":"wp","href":"https:\/\/api.w.org\/{rel}","templated":true}]}}