{"id":5,"date":"2025-01-16T23:34:45","date_gmt":"2025-01-16T22:34:45","guid":{"rendered":"https:\/\/royalkids.fr\/velizy2\/reglement-interieur\/"},"modified":"2025-10-20T16:29:49","modified_gmt":"2025-10-20T14:29:49","slug":"reglement-interieur","status":"publish","type":"page","link":"https:\/\/royalkids.fr\/velizy2\/reglement-interieur\/","title":{"rendered":"R\u00e9glement int\u00e9rieur"},"content":{"rendered":"<div id=\"main\" class=\"wrapper\">\n<div class=\"R layout-content\">\n<div class=\"region region-content\">\n<div id=\"block-mainpagecontent\" class=\"block block-system block-system-main-block\">\n<article class=\"node-type-page\">\n<div class=\"page-content\">\n<div id=\"main\" class=\"wrapper\">\n<div class=\"R layout-content\">\n<div class=\"region region-content\">\n<div id=\"block-mainpagecontent\" class=\"block block-system block-system-main-block\">\n<article class=\"node-type-page\">\n<div class=\"page-content\">\n<div id=\"main\" class=\"wrapper\">\n<div class=\"R layout-content\">\n<div class=\"region region-content\">\n<div id=\"block-mainpagecontent\" class=\"block block-system block-system-main-block\">\n<article class=\"node-type-page\">\n<div class=\"page-content\">\n<p>Ce r\u00e8glement a \u00e9t\u00e9 con\u00e7u, avant tout, afin d\u2019assurer la s\u00e9curit\u00e9 de vos enfants dans un environnement sain. Il vise \u00e9galement \u00e0 garantir un environnement propre, sain et agr\u00e9able pour tous les visiteurs. En respectant ces r\u00e8gles, vous contribuez \u00e0 maintenir un espace de jeu s\u00e9curis\u00e9 et convivial. La Direction de Royal Kids se r\u00e9serve le droit de refuser l\u2019entr\u00e9e ou d\u2019exclure toute personne ne le respectant pas.<\/p>\n<ol>\n<li><strong>Conditions d\u2019acc\u00e8s<\/strong><br \/>\nLe parc est accessible aux enfants \u00e2g\u00e9s de 0 \u00e0 12 ans accompagn\u00e9s d\u2019un adulte majeur (plus de 18 ans). Une pi\u00e8ce d\u2019identit\u00e9 pourra \u00eatre demand\u00e9 \u00e0 tout moment aux visiteurs afin de s\u2019assurer du respect de cette r\u00e8gle. Aucun adulte non accompagn\u00e9 d\u2019enfant de 0 \u00e0 12 ans ne sera autoris\u00e9 \u00e0 p\u00e9n\u00e9trer dans le parc. Toute personne d\u00e9sirant entrer dans le parc Royal Kids doit s\u2019acquitter de son droit d\u2019entr\u00e9e. Celui-ci lui permet d\u2019acc\u00e9der \u00e0 l\u2019ensemble des structures de jeux de fa\u00e7on illimit\u00e9e le jour de sa visite et pendant le cr\u00e9neau qui lui est assign\u00e9 \u00e0 l\u2019exception des structures pour lesquelles un prix compl\u00e9mentaire est exig\u00e9. Pour des raisons d\u2019hygi\u00e8ne et de s\u00e9curit\u00e9, l\u2019acc\u00e8s aux jeux ne peut se faire qu\u2019en chaussettes, \u00e0 d\u00e9faut l\u2019acc\u00e8s aux structures de jeux sera interdit. Des chaussettes sont en vente \u00e0 l\u2019accueil. Les poussettes sont interdites. Les boissons et aliments d\u2019origine ext\u00e9rieure sont interdits. Seuls les aliments pour b\u00e9b\u00e9s peuvent provenir de l\u2019ext\u00e9rieur. Dans l\u2019enceinte du parc, un espace snack est mis \u00e0 votre disposition. Il est interdit de fumer, de vapoter et de consommer de l\u2019alcool dans l\u2019enceinte du parc. Les animaux sont interdits. Toute sortie est d\u00e9finitive<\/li>\n<li><strong>Responsabilit\u00e9, comportement<\/strong><br \/>\nChaque accompagnateur est responsable de ses actes et comportement ainsi que ceux des enfants qu\u2019il accompagne. Tout comportement perturbateur, injurieux ou violent est formellement interdit. Toute d\u00e9t\u00e9rioration volontaire des \u00e9quipements entrainera une exclusion imm\u00e9diate et des r\u00e9parations \u00e0 la charge des responsables. Les adultes peuvent accompagner les tout petits au sein du baby-parc \u00e0 la condition de retirer leurs chaussures et de porter des chaussettes ou bas appropri\u00e9s \u00e0 la structure de jeux.<\/li>\n<li><strong>S\u00e9curit\u00e9<\/strong><br \/>\nTout objet pouvant pr\u00e9senter un risque de blessure (notamment lunettes, bijou, ceinture, \u00e9charpe et foulard, pince \u00e0 cheveux, ainsi que tout v\u00eatement comportant des sangles, lacet, cordon ou capuche, couteau et cutter) est interdit \u00e0 l\u2019int\u00e9rieur des structures de jeux. Les usagers s\u2019engagent \u00e0 d\u00e9gager les \u00e9quipements et zones de s\u00e9curit\u00e9 qui les entourent de tout obstacle ne faisant pas partie int\u00e9grante du jeu, et notamment des objets leur appartenant et qu\u2019ils ont apport\u00e9 au sein de l\u2019\u00e9tablissement. Toute boisson ou nourriture est formellement interdite \u00e0 l\u2019int\u00e9rieur des structures de jeux.<\/li>\n<li><strong>Tenue vestimentaire \u2013 Comportement<\/strong><br \/>\nPour les enfants, le port d\u2019une tenue adapt\u00e9e aux jeux est exig\u00e9e. Les accessoires mentionn\u00e9s au \u00ab 3. S\u00e9curit\u00e9 \u00bb et objets susceptibles de s\u2019accrocher sont prohib\u00e9s. Les chaussures sont interdites, le port des chaussettes obligatoire. Pour les accompagnateurs, une tenue d\u00e9cente est exig\u00e9e. Celle-ci doit \u00eatre adapt\u00e9e \u00e0 un environnement familial et ne doit ni provoquer, ni perturber les autres visiteurs. Les v\u00eatements ou accessoires affichant des messages, symboles ou image incitant \u00e0 la discrimination, \u00e0 la haine, \u00e0 la violence ou pouvant choquer sont strictement interdits. D\u2019une mani\u00e8re g\u00e9n\u00e9rale, il est demand\u00e9 \u00e0 tous les visiteurs de ne pas tenir des propos consistant en une critique syst\u00e9matique ou non objective, ainsi que des propos \u00e0 caract\u00e8re d\u00e9nigrant ou malveillant ; L\u2019utilisation, sur quelque support que ce soit, de contenus qui pr\u00e9senteraient un caract\u00e8re diffamatoire, injurieux, offensant, violent, pornographique, ou qui seraient susceptibles de porter atteinte au respect de la personne humaine ou de sa dignit\u00e9, \u00e0 l\u2019\u00e9galit\u00e9 entre les femmes et les hommes ou \u00e0 la protection des enfants et des adolescents sont strictement interdits tout comme les propos ou messages incitant \u00e0 la commission de crimes et d\u00e9lits, \u00e0 la violence, \u00e0 la discrimination ou \u00e0 la haine raciale ; Le personnel se r\u00e9serve le droit de refuser l\u2019acc\u00e8s en cas de tenue inappropri\u00e9 et non conforme ou d\u2019exclure un visiteur en cours de s\u00e9ance.<\/li>\n<li><strong>Responsabilit\u00e9 du parc<\/strong><br \/>\nRoyal Kids d\u00e9cline toute responsabilit\u00e9, en cas de dommage ou accident, il appartient \u00e0 l\u2019adulte accompagnant de surveiller de mani\u00e8re appropri\u00e9e les enfants dont il a la responsabilit\u00e9 et de s\u2019assurer que ces derniers utilisent les structures de jeux dans des conditions normales ou raisonnablement pr\u00e9visibles. Royal Kids d\u00e9cline toute responsabilit\u00e9 en cas de vol, de perte ou de d\u00e9t\u00e9rioration des objets laiss\u00e9s dans l\u2019ensemble de l\u2019\u00e9tablissement qui demeurent sous la responsabilit\u00e9 et la garde des visiteurs.<\/li>\n<li><strong>R\u00e8gles de s\u00e9curit\u00e9 et d\u2019utilisation des structures<\/strong><br \/>\nLes enfants pr\u00e9sents au sein du parc Royal Kids sont sous l\u2019enti\u00e8re responsabilit\u00e9 et surveillance des adultes accompagnateurs. L\u2019adulte accompagnateur est charg\u00e9 d\u2019informer l\u2019enfant des diverses consignes de s\u00e9curit\u00e9 et de les lui faire respecter. Les consignes donn\u00e9es par le personnel du parc doivent \u00eatre respect\u00e9es. Les structures de jeux sont exclusivement r\u00e9serv\u00e9es aux enfants de 0 \u00e0 12 ans. L\u2019\u00e2ge, la capacit\u00e9 et les avertissements indiqu\u00e9s sur chaque structure de jeux doivent \u00eatre respect\u00e9s. Des espaces de jeux sp\u00e9cifiques sont r\u00e9serv\u00e9s aux plus jeunes de 0 \u00e0 4 ans et aux enfants de 4 \u00e0 12 ans. Dans le cas o\u00f9 un enfant se trouverait en difficult\u00e9 \u00e0 l\u2019int\u00e9rieur d\u2019une structure, l\u2019accompagnateur responsable devra pr\u00e9venir l\u2019\u00e9quipe de Royal Kids pour intervention. Toute d\u00e9gradation faite aux jeux ou structures par un enfant ou adulte sera sous l\u2019enti\u00e8re responsabilit\u00e9 de l\u2019adulte accompagnant et pourra amener \u00e0 des poursuites. Pour des raisons \u00e9videntes de s\u00e9curit\u00e9, il est strictement interdit de grimper sur les filets ext\u00e9rieurs des structures, de monter ou descendre les toboggans ou la piste de luge en sens inverse, de sortir les jeux mobiles de leurs espaces. Les usagers s\u2019engagent \u00e0 respecter les zones de s\u00e9curit\u00e9, notamment aux abords des entr\u00e9es et sorties des diff\u00e9rents modules de jeux pr\u00e9sents dans le parc, afin d\u2019\u00e9viter les heurts entre les enfants utilisant l\u2019\u00e9quipement et ceux qui ne l\u2019utilisent pas.<\/li>\n<li><strong>Anniversaires Royal Kids<\/strong><br \/>\nLors d\u2019un anniversaire, la pr\u00e9sence en permanence d\u2019un parent ou adulte responsable est obligatoire. Royal Kids rappelle que l\u2019ensemble des enfants invit\u00e9s pour l\u2019anniversaire est sous la responsabilit\u00e9 de l\u2019adulte responsable.<\/li>\n<\/ol>\n<p><strong>Toute l\u2019\u00e9quipe de Royal Kids vous remercie de votre attention responsable et vous souhaite un tr\u00e8s bon moment au sein du parc.<\/strong><\/p>\n<\/div>\n<\/article>\n<\/div>\n<\/div>\n<\/div>\n<\/div>\n<\/div>\n<\/article>\n<\/div>\n<\/div>\n<\/div>\n<\/div>\n<\/div>\n<\/article>\n<\/div>\n<\/div>\n<\/div>\n<\/div>\n","protected":false},"excerpt":{"rendered":"Ce r\u00e8glement a \u00e9t\u00e9 con\u00e7u, avant tout, afin d\u2019assurer la s\u00e9curit\u00e9 de vos enfants dans un environnement sain. Il vise \u00e9galement \u00e0 garantir un environnement propre, sain et agr\u00e9able pour tous les visiteurs. En respectant ces r\u00e8gles, vous contribuez \u00e0 maintenir un espace de jeu s\u00e9curis\u00e9 et convivial. La Direction de Royal Kids se r\u00e9serve [&hellip;]","protected":false},"author":1,"featured_media":0,"parent":0,"menu_order":0,"comment_status":"closed","ping_status":"closed","template":"block-width-page.php","meta":{"footnotes":""},"_links":{"self":[{"href":"https:\/\/royalkids.fr\/velizy2\/wp-json\/wp\/v2\/pages\/5"}],"collection":[{"href":"https:\/\/royalkids.fr\/velizy2\/wp-json\/wp\/v2\/pages"}],"about":[{"href":"https:\/\/royalkids.fr\/velizy2\/wp-json\/wp\/v2\/types\/page"}],"author":[{"embeddable":true,"href":"https:\/\/royalkids.fr\/velizy2\/wp-json\/wp\/v2\/users\/1"}],"replies":[{"embeddable":true,"href":"https:\/\/royalkids.fr\/velizy2\/wp-json\/wp\/v2\/comments?post=5"}],"version-history":[{"count":2,"href":"https:\/\/royalkids.fr\/velizy2\/wp-json\/wp\/v2\/pages\/5\/revisions"}],"predecessor-version":[{"id":69,"href":"https:\/\/royalkids.fr\/velizy2\/wp-json\/wp\/v2\/pages\/5\/revisions\/69"}],"wp:attachment":[{"href":"https:\/\/royalkids.fr\/velizy2\/wp-json\/wp\/v2\/media?parent=5"}],"curies":[{"name":"wp","href":"https:\/\/api.w.org\/{rel}","templated":true}]}}